 = 40 - 36. Suppose -3*h + 2317 = 4*r - 211, h = s. Is r a composite number?
True
Suppose -5*x - 2*w = -8245, 3*x + 2*w - 4946 = w. Suppose -g - c + 260 = -69, 5*g + 4*c - x = 0. Is g a prime number?
True
Let t = 48749 + -19532. Is t composite?
True
Is (18/(-45))/((-8)/59980) a composite number?
False
Let l(m) = 143*m + 83. Let a be l(27). Suppose 2*y - 5*h - a = 0, -4*y + 5*h + 7898 = -0*h. Is y a composite number?
True
Let p be 5/1*(1172/5)/1. Suppose 4*v + p = 8*v. Is v prime?
True
Suppose -2*f = 49 + 21. Let s = 114 + f. Is s prime?
True
Let d = 15 - 18. Let c = 24 - 0. Is 8/d*(-522)/c a composite number?
True
Suppose 5*j - l = 24, 0 = 2*j + 2*l - 12. Let y(v) be the second derivative of 28*v**3/3 - 11*v**2/2 - v. Is y(j) a prime number?
True
Let a be 2/((-25)/(-15) + -1). Suppose -a*m = -122 - 91. Is m a composite number?
False
Let w(g) = 143*g**3 + 5*g**2 - 13*g + 50. Is w(7) prime?
True
Let f(w) = 3*w**3 + 5*w**2 - 9*w - 8. Suppose d - 4*m = -0*d - 13, 25 = 5*d - 2*m. Is f(d) composite?
True
Let r(z) = -5*z**2 + 11*z + 44. Let v(i) = -2*i**2 + 4*i + 15. Let w(l) = 6*r(l) - 17*v(l). Suppose -9 = -13*a + 69. Is w(a) a prime number?
False
Let w(y) = -y**3 + 30*y**2 + 9*y - 1. Is w(18) composite?
False
Let h(p) = 45*p**3 + 3*p**2 - 2*p - 2. Is h(3) prime?
False
Let q(o) = o - 16. Let z be q(9). Let v(m) = -m**2 - 8*m - 4. Let s be v(z). Suppose -s*c + 91 = -176. Is c a composite number?
False
Let d = -17 - 82. Let f = d - -196. Suppose 6 = -2*v, 0 = 5*t - 4*v + 35 - f. Is t composite?
True
Let i(h) = -13*h**3 - 3*h**2 - 2*h + 1. Let m(s) = 12*s**2 + s - 1. Let w be m(1). Suppose -2*k = -5*v - w - 3, -5*k = -5*v - 15. Is i(v) a prime number?
True
Let o(y) = 123*y**2 - 11. Let x(i) = i**3 + 7*i**2 + 4*i + 22. Let m be x(-7). Is o(m) a composite number?
True
Suppose 4*q - 8000 - 1976 = 0. Suppose 4*x = 7706 - q. Is x composite?
False
Let f be 12/(-8)*10/(-3). Suppose 0*i - 2*q = -f*i + 17, -3*i = 3*q - 27. Suppose 0 = -i*k - 3*a + 935, 3*a = a. Is k prime?
False
Suppose -5*m - v + 13 = 0, 5*m - 10 = v + 7. Suppose -2*h - 5*x = -19, 9 - 3 = 2*x. Suppose 2*c - 3*n = 4*c - 115, h*c = m*n + 97. Is c prime?
True
Is (-44)/(-4)*(-230)/(-10) prime?
False
Is (-977999)/(-55) + 18/15 a composite number?
False
Let u(g) = -249*g - 30. Let n be u(-11). Suppose -3*o - f + 2718 = -0*f, 3*o + 4*f = n. Is o a composite number?
False
Let i(b) = -9*b**2 - 2*b + 7753. Is i(0) composite?
False
Let l be (-4 + 2 - -155) + 0/2. Suppose 0 = 2*y - 4*y - 152. Let q = l + y. Is q a prime number?
False
Suppose -21 = -x - 12. Is 3/(-2)*(-12)/x - -3029 a composite number?
True
Suppose 8*t - 999 = 1377. Let m = t - -1396. Is m a prime number?
True
Suppose -d - 2 - 2 = 0. Let a(i) = -3*i**2 + 4*i + 11. Let w(k) = -10*k**2 + 11*k + 34. Let q(v) = -7*a(v) + 2*w(v). Is q(d) prime?
True
Suppose 4*o - 11 = -5*r + 17, -14 = o - 4*r. Suppose -712 = -3*z + 4*b + 1255, o*z - 3*b = 1312. Is z a prime number?
True
Let v = -2488 + 4911. Is v composite?
False
Let d = -11 + 16. Suppose n = d*n + 8. Is (1*n)/(6/(-201)) a prime number?
True
Let y(r) be the third derivative of r**6/120 + r**5/20 - r**4/12 + 2*r**3/3 + 18*r**2. Is y(-3) a prime number?
False
Let o = 4 + -6. Suppose 0 = -3*n + 5*q - 526, -4*n - 686 = -7*q + 8*q. Is n/(o + 0) + -3 prime?
True
Suppose 0 = -8*g + 2*g + 60. Suppose g*w - 5*w = 925. Is w composite?
True
Is 8/14 + -11 + (-271600)/(-98) prime?
False
Let n = -23618 + 38151. Is n a composite number?
False
Suppose -2*o - 8 - 3 = 3*l, -4 = -4*l + 2*o. Let a be (2832/6)/(0 - l). Let q = -269 + a. Is q a composite number?
True
Suppose -3*z + 32721 = -4*w, -11259 = -3*z - 3*w + 21441. Is z prime?
True
Let b = 11 + -5. Suppose k - 4*m - 3 = -4*k, -2*m - b = 2*k. Is ((-158)/2)/(1/k) composite?
False
Let l = -431 - -777. Suppose 2*s + 4*x = l, x = s - 3*x - 143. Suppose o - s = 144. Is o a composite number?
False
Suppose -5*n + 5*u + 16325 = 0, 7*n - 4*n + 3*u = 9783. Is n composite?
True
Is (-64 + 23722)*(-1)/(-6) a composite number?
False
Suppose 634185 = 23*l - 363118. Is l prime?
False
Let d(t) = -t**2 + 3*t + 3. Let p be d(0). Suppose 5*y - 10890 = -5*h, 1338 + 838 = h + p*y. Is h a composite number?
False
Let j be 2/(-9) + (-282)/(-54). Let t(f) = -f**2 + 4. Let p be t(j). Is p/(-35) + (-2684)/(-10) composite?
False
Let t = 2295 + 4067. Is t prime?
False
Suppose 0 = -2*n + 10, 0 = -35*p + 30*p + 3*n + 28100. Is p a composite number?
False
Let j(w) = -61*w. Let c be j(-16). Let u = c - 557. Is u a composite number?
False
Suppose 0*x = -3*x - 6654. Is (x/4)/((-1)/2) a prime number?
True
Suppose -19*f + 5911 + 568 = 0. Is f a composite number?
True
Suppose -2*m = 10, 1573 = -i + 4*i - 2*m. Is i a prime number?
True
Suppose 0 = 2*c - 3*c + 3. Suppose c*u + 3*m - 2562 = 0, 3*u - m - 1099 = 1459. Is u a prime number?
True
Let n(c) = 3*c**3 - c**2 + 2*c - 1. Let u be n(1). Suppose 0 = -2*t - u*t + 2705. Suppose -4*o - 4*i + 439 = -i, 5*o - t = 4*i. Is o a composite number?
False
Suppose -3*r = -5*r + 186. Let l = r + -78. Is l a composite number?
True
Suppose -15 + 1 = x + 4*t, 3*x = 3*t + 18. Let m = 738 - 495. Suppose x*z = 5*o + 1019, -z - o + m = -249. Is z composite?
True
Let i = -26 + 346. Suppose -3*h - 6 = -6*h, -5*h + i = 2*s. Is s prime?
False
Suppose -56*j - j + 2774361 = 0. Is j composite?
False
Is 1/(-9) - ((-253715)/45 + 0) composite?
True
Suppose -6 + 4 = 2*o, -3*a - 3*o + 12 = 0. Suppose -2*z - 5*u = 3, -u + 0*u = a*z - 27. Suppose z*n - 42 = 3*n. Is n prime?
False
Let p(g) = g**2 + 3*g + 3. Let x be p(19). Let h(f) = -3*f**2 + 8*f. Let l be h(-6). Let u = x + l. Is u composite?
True
Let n(m) = -14*m**2 + 1 - m**3 + 16*m**2 + 4*m + 0*m. Let f be n(3). Is 47178/162 - f/18 prime?
False
Suppose 4*x - 5*x = 5*w - 20, 3*w - 12 = -4*x. Suppose -7 = -4*f - 23, -w*v + 2*f - 168 = 0. Let k = 25 - v. Is k composite?
True
Let l = -1749 + 3326. Is l composite?
True
Suppose 0 = -4*k - 3*n + 5587, -2*n - 86 = -80. Is k composite?
False
Let m be -4 + (-55)/(-22)*-1*2. Is (-508)/(-5 - m)*-2 a composite number?
True
Let l be 152/(-7) + 2/(-7). Let q be 1 + 0 - (-24 - l). Suppose -976 - 26 = -q*j. Is j a prime number?
False
Suppose -3*w + 39477 = -4*b, 7*b - 11*b + 65795 = 5*w. Is w a prime number?
True
Let h = 11 + -11. Suppose h = -13*r + 1106 + 545. Is r a composite number?
False
Let b = 70 + -1. Suppose -a - 2*a + b = -2*o, -5*a + 115 = -2*o. Is a a prime number?
True
Let a be 2/(-1*4 - 2567/(-642)). Let q = a - -2821. Is q a prime number?
False
Let y = -160029 + 330928. Is y composite?
False
Let q(n) be the third derivative of -11*n**6/40 + n**5/20 + n**4/24 - n**3/3 + 6*n**2. Is q(-3) a prime number?
False
Suppose l + y - 28 = 0, -2*l + 0*y - 4*y + 56 = 0. Let p = 51 - l. Is p prime?
True
Let r(z) = -10*z + 27 - 1 - 16*z + 7. Is r(-16) composite?
False
Let k(c) = -c**3 + c + 1. Let i(w) = 5*w**3 - 21*w**2 + 6*w - 7. Let v(h) = -i(h) - 4*k(h). Let u be v(9). Let z = 1372 - u. Is z a prime number?
True
Let s(g) = 1994*g**2 + 12*g - 7. Is s(2) prime?
True
Let i = -66 - -69. Suppose -i*v + 7315 = -v - o, v + 5*o = 3674. Is v a prime number?
True
Let x = -11176 + 20693. Is x a composite number?
True
Suppose 9 = 2*c + 1. Suppose 0 = 3*i + c*j - 374, 112 = 3*i + 2*j - 270. Suppose s - 13 = i. Is s composite?
True
Suppose -88 = q - 5*q. Let r(c) = 10*c + 1. Let d be r(-1). Is q*(d/(-6) - -2) composite?
True
Suppose 0 = -4*h - 0 + 4. Let c = -4 + h. Is c + -3*382/(-3) a composite number?
False
Suppose -3*p - p - 96 = 0. Let o = -7 - p. Let s = o + 276. Is s prime?
True
Suppose 2*d - 4*v - 35438 = -6*v, -3*d + 53151 = 5*v. Is d composite?
True
Let o be 2 + -2 - (-4)/((-8)/(-6)). Suppose -5*m - o*y = -9920, -m + 2*m + 3*y = 1972. Is m a prime number?
True
Suppose 3*w + 7*w - 54540 = 0. Suppose -j - 4*n + w = j, 2715 = j - 4*n. Is j a prime number?
False
Let w be (429 + -12)/(-1 + 2). Suppose -s - 68 = w. Let u = 736 + s. Is u composite?
False
Let v be ((-5)/3)/(4/12). Is 359 - (2 + 20/v) a prime number?
False
Let n(y) = -y - 1343. Let h be n(0). Let b = h + 2382. Is b composite?
False
Suppose -168*h - 146895 = -189*h. Is h composite?
True
Let r(x) = -x**3 + 47*x**2 + 32*x + 81. Is r(44) a composite number?
False
Let l be -2 + 20/4 - -42. Let p be (-30)/l*6/4. Is (14 - -726) + 0 + p